of -28*(-2 - 0) + g?
5
Let v = 9 - 7. Suppose -z - v = -5. What is the units digit of -1 - (z - 11) - 3?
4
Let i(y) = -y**2 + 13*y + 4. What is the tens digit of i(10)?
3
Let d(y) be the second derivative of -y**5/10 - 5*y**4/12 - y**3/6 + y**2/2 + 10*y. What is the units digit of d(-4)?
3
Let s = -400 + 705. Suppose -234 = -3*u - y, 0*y + y = 4*u - s. What is the tens digit of u?
7
Suppose -3*z + 273 = -2*z. Let y = 449 - z. What is the units digit of y?
6
Suppose -3*p + 3 = -o, 4 + 10 = 4*o + p. Suppose -5*w - 169 = -o*u + 35, -3 = w. What is the tens digit of u?
6
Suppose 2*i + 2 = i. What is the tens digit of (-178)/(-2) + 4/i?
8
Let v(t) = -3*t**3 + t**2 + t. Let a be v(-1). Let w be a/(-5) - (-9)/15. Let l = 7 - w. What is the units digit of l?
7
Let i be ((-9)/(-4))/(3/(-8)). Let p = 8 + i. Let j(h) = 11*h**2 - h. What is the tens digit of j(p)?
4
Let l(w) = 229*w - 13. What is the units digit of l(3)?
4
Let k be (-16 - -243)*(0 - -1). Let w = k + -117. What is the units digit of w?
0
Suppose 4*y + 890 = p, 3571 = -15*p + 19*p - 5*y. What is the tens digit of p?
9
Suppose 10*r = 7875 + 8925. What is the thousands digit of r?
1
Suppose -3*s - 5*i = -i - 17, i - 2 = -3*s. What is the hundreds digit of 1*(177 - (s - (-2 - -3)))?
1
Let b be (15/(-6) - -2)*-50. What is the units digit of -3 + 1 + -205*(-10)/b?
0
Suppose -2*o - 5*p = -6, 2*p + 0*p + 15 = 5*o. Suppose -3*b + 2 = 2*j - 7*b, -3 = -3*j - o*b. What is the units digit of (-440)/(-5)*j/2?
4
Let x(m) = 2*m**3 + 15*m**2 - 7*m + 4. Let k be x(-8). What is the units digit of (-10)/(-15)*(-6)/k?
1
Let u(q) be the first derivative of 16*q**3 - q**2/2 - q - 6. Let v be u(-1). Let l = v + -20. What is the units digit of l?
8
Suppose 9*a = -79 - 83. What is the units digit of (-735)/a + (-51)/18 + 3?
1
Suppose -2398 = -2*f - 4*i, 4*f - 21*i + 16*i = 4822. What is the hundreds digit of f?
2
Let o = 15 - 12. Suppose -o*c + 40 = x, -3*x - 2*c = 2*c - 100. Let k = x - 1. What is the tens digit of k?
2
Suppose 0 = -r + 6*r - 10. Suppose -523 = -4*u - r*y - y, 3*u + y - 391 = 0. What is the units digit of u?
0
Let y be 7 + 11 - (0 - 0). Let k = y - 23. Let f = k + 19. What is the units digit of f?
4
Suppose 1 = 2*n - 9. Suppose -18 = n*i - 153. What is the units digit of i?
7
Suppose 5*x - 17063 - 1292 = -5*v, 0 = -5*v + 3*x + 18371. What is the hundreds digit of v?
6
Suppose 0 = -3*r + 4 + 308. Let s be 2/3 + (-327)/(-9). Suppose 2*u - r = -4*z, -4*z + u = -73 - s. What is the tens digit of z?
2
Let t(o) = o**3 - 3*o**2 + 3*o + 1. Let g be t(3). Suppose -2*f - 83 = -n - 4*n, -22 = -2*n - 2*f. Let i = n + g. What is the units digit of i?
5
Let a be 21/3 + -3 + 0. Suppose -2*r - a*o = -363 + 127, 0 = 2*o - 6. Suppose -p = -3*k + 144, -5*k + r + 142 = 3*p. What is the units digit of k?
9
Let t = 11790 + -6476. What is the units digit of t?
4
Let z be (-2)/(-8) - (-5138)/56. Let g = z - 47. What is the tens digit of g?
4
Let j(v) = 10*v - 8. Let r be j(1). Suppose -7*l + 240 = -r*l. What is the tens digit of l?
4
Suppose 19113 = 5*b + 3*r, -5*b + 2*r + 8635 + 10473 = 0. What is the tens digit of b?
2
Let n(g) = -g**3 + 7*g**2 + 10*g - 46. What is the units digit of n(5)?
4
What is the tens digit of 273 - ((-7)/(-21))/((-1)/(-12))?
6
Suppose -3*v - 16 = -190. Suppose 26*b = 27*b - v. What is the tens digit of b?
5
Let a = -1425 - -3186. What is the thousands digit of a?
1
Let p = 5649 + -2678. What is the hundreds digit of p?
9
Suppose 32*y - 15424 = 56736. What is the thousands digit of y?
2
Let c = -21 - -15. What is the units digit of 1*50*(-3)/c?
5
Let u be 2*(1 + 3/(-6)). Let i = 108 - 111. What is the units digit of u - 0 - (i + 0)?
4
Suppose 63*t - 75243 = 79548. What is the thousands digit of t?
2
Let w = 1331 - 433. What is the hundreds digit of w?
8
Let v(i) = 2*i + 5. Let b be v(-4). What is the units digit of (-4)/8*0 - b?
3
Let b = 0 - -2. Let t(v) = 3*v**2 + 6*v + 6. Let p be t(-2). Let m = p - b. What is the units digit of m?
4
Let h = -642 - -951. What is the units digit of h?
9
Suppose -18*y + 4896 = 14*y. What is the hundreds digit of y?
1
Let k(c) = -22*c**3 + c**2 + 15*c + 55. What is the tens digit of k(-6)?
5
Suppose 0 = -2*u - 24 + 28. Let g(c) = 6 + 0*c - c - c + 3*c. What is the units digit of g(u)?
8
Let f = -203 + 468. Suppose 2*u + 55 = f. Suppose 2*x + 3*x = u. What is the tens digit of x?
2
Suppose -4*c + 74 = -3*w - 339, 4*c + 4*w - 420 = 0. What is the tens digit of c?
0
Suppose -9*t - f = -4*t - 3086, -3*t - 5*f = -1834. What is the tens digit of t?
1
Suppose 5*q + 1127 = 2*v, 5*v + 11*q = 12*q + 2875. What is the units digit of v?
6
Suppose -7 - 2 = -3*r. Suppose 5*f + r*j = 199, j = -4*f - 2*j + 161. What is the tens digit of f?
3
Suppose 0 = 2*a - 5*a - 6, -r + 3*a = -750. What is the tens digit of r?
4
Suppose -3*x - 3*m + 2241 = 0, 5*x + 9*m = 5*m + 3734. What is the hundreds digit of x?
7
Let t(c) = c**3 - c**2 - 4*c + 4. Let q be t(5). Let u = q - 34. What is the tens digit of u?
5
Suppose -3*d - r - 1461 = -4828, 2*r = 8. What is the tens digit of d?
2
Let i = 96 - 57. Suppose -4*t - 3 = 1, 0 = n - 2*t - i. Suppose 0*z - 3*z - 2*v = -n, 0 = -3*z + 3*v + 57. What is the tens digit of z?
1
Let s(v) = 6*v**2 - 10*v + 5. Let r(d) = -5*d**2 + 11*d - 5. Let m(z) = -7*r(z) - 6*s(z). What is the tens digit of m(-9)?
7
Suppose 7 = -2*v + 9. Suppose -17 = -2*k + 33. What is the units digit of v/1*(k - -4)?
9
Let u = 10 - 8. Suppose -u*q - 32 = -38. What is the units digit of q?
3
Suppose 4*k - 352 + 16 = 0. Let z = k + -45. What is the units digit of z?
9
Suppose 3*s - 20 = -8. Suppose 0 = s*v - 3*w - 116, -56 = -2*v + 3*w + 8. What is the units digit of v?
6
Suppose -29*y + 190 = -28*y. Suppose -y = 6*w + 344. Let v = -21 - w. What is the units digit of v?
8
Let g(f) = -f**3 + 46*f**2 + 101*f - 111. What is the units digit of g(48)?
9
Let s(a) be the third derivative of a**4/4 - 2*a**3/3 - 2*a**2. What is the tens digit of s(3)?
1
Suppose -14*c = 44*c - 48604. What is the hundreds digit of c?
8
Let a(u) = -212*u - 542. What is the thousands digit of a(-12)?
2
Let z be 2/(((-2)/(-19))/(-1)). Let j = 113 + -156. Let b = z - j. What is the tens digit of b?
2
Suppose 2*f - 10 = -5*r - 0*r, 37 = -5*f + 3*r. Let w(b) = b**3 + 7*b**2 + 10*b + 4. What is the units digit of w(f)?
4
Suppose 0 = -s - o - 3, -19 = 5*s - o + 26. What is the tens digit of -237*-3*s/(-36)*1?
5
Suppose -2*o = 4*h - 6*h + 12, o - 2 = -h. What is the hundreds digit of (-6835)/(-35) - h/14?
1
Let z = 9 + -17. Let c(u) = -2*u + 24. What is the tens digit of c(z)?
4
Let t(j) = -8*j**2 - j**2 + j**3 + 0 - 3 + 8*j + 5. Let v be t(8). Suppose -p + 19 = c, -v*p + 1 = -2*c - 29. What is the tens digit of p?
1
Let p(h) = h**3 + h**2 - 6. Let u be p(0). Let t be ((-4)/u)/((-2)/(-15)). Suppose -f - 103 = a - t*a, -f - 22 = -a. What is the units digit of a?
7
Let w(x) = 272*x - 91. What is the tens digit of w(4)?
9
What is the units digit of (2 + (-30)/(-24))*88?
6
Suppose -4*k - 4*n = -2520, 2*k + 0*k - 1265 = 3*n. Let q = k - 423. Suppose -6*m + q = -m - w, 5*m - 199 = -2*w. What is the tens digit of m?
4
Suppose 4*v + 0*i - 30 = -5*i, 4*i - 8 = 0. Suppose 0 = v*b + 2*n - 17, 3*b + 2*n = -n + 12. Suppose -5*j + 120 = -b*j. What is the units digit of j?
0
What is the units digit of (-10)/(-6)*3 - -2047?
2
Let z be (17 - 20)*(-44)/(-3). Let v = z + 98. What is the tens digit of v?
5
Suppose -v - 316 = 3*r - 0*v, -322 = 3*r - 2*v. Let y = -70 - r. What is the units digit of y?
6
Let k be 4/18 - 2496/54. What is the units digit of (k + 12/4)*-1?
3
Let f = 91 - 86. Suppose -5 = -4*j + 3*j, -f*c - 5*j = -875. What is the tens digit of c?
7
Suppose -7*m = -16 - 12. Let q = m - -268. What is the hundreds digit of q?
2
Let l = -296 - -209. Let r = 332 + l. What is the tens digit of r?
4
Let m(r) = -3*r**2 - 18*r - 14. Let q be m(-7). Let z = -184 + 131. Let u = q - z. What is the tens digit of u?
1
Let w be ((2 + 0)/((-1)/3))/(-2). Suppose -c = 4*j + 3*c - 604, j - 157 = -w*c. What is the tens digit of j?
4
Let h(t) = t**2 - 9*t - 4. What is the units digit of h(28)?
8
Let j(y) be the second derivative of -y**5/20 - 3*y**4/4 - y**3/6 - 5*y**2/2 - 5*y. Let r be j(-9). Suppose 34 = -2*o + r*o. What is the tens digit of 